1
Let l be 120/168 + 2/7. Let q(n) = -34*n + 20*n - l - n**2 + 0 + 18*n. Give q(5).
-6
Let c(t) = t - 8. Let o(n) = -n. Let p = -3 - -1. Let b be (p - -6)*(-12)/8. Let f be o(b). What is c(f)?
-2
Let n = -21 + 23. Let d(t) = 2 - 1 - 2*t - n + t. Let b(q) = 2*q + 1. Let a(h) = 3*b(h) + 4*d(h). Determine a(-3).
-7
Let j(q) be the second derivative of -5*q**3/6 + 14*q + 9. Calculate j(-3).
15
Let i(o) = o - 1. Suppose 3*u + 5*x = 22, -4*x = 2*u - 7*x + 17. Let z(h) = 10*h. Let m(j) = u*z(j) + 12*i(j). Give m(9).
6
Let x = -5 + 11. Let u = -13 + 16. Let t(h) = 6 + 7 + h - u*h - 7. Determine t(x).
-6
Suppose 8 = 5*p - 2, -p = -5*y + 63. Suppose -4*b + 0*b = -52. Let q = b - y. Let i(f) = -f**3 - 4. Calculate i(q).
-4
Let n(q) be the second derivative of -q**4/6 - q**3/3 - 2*q**2 + 2*q + 16. Give n(-4).
-28
Let p(n) = -2*n. Suppose 7*r = -8*r - 120. Determine p(r).
16
Let n(q) = -140*q**2 - 146*q**2 + 431*q**2 - 3 - 148*q**2 - 3*q. Calculate n(-3).
-21
Let o = -27 - -32. Let x(j) = -10*j - j + o*j. Determine x(1).
-6
Let v be 5 - 3/(3/2). Let y(t) = -v + 2*t + 1 - t. Let b be -5 + 99/54*6. Determine y(b).
4
Let u = 3 - 10. Let r = -31 - -50. Let v(p) = 61*p - 2 - r*p - 19*p - 22*p. Calculate v(u).
-9
Let z(x) = -6*x + 12. Suppose b = -g + 6, -b - 4*g + 6 = -0*b. Give z(b).
-24
Let j(b) = 7*b**2 + 1. Suppose 5*y + 48 = -7. Let w = -1 + 11. Let q = y + w. Give j(q).
8
Let c(m) = -6*m + 5. Let t = 21 + -154. Let x = t - -137. Give c(x).
-19
Let d(w) = w**3 - 6*w**2 - 15*w - 4. Let a(p) = -p. Let s(n) = -6*a(n) + d(n). What is s(7)?
-18
Let m(j) = -j**3 - 20*j**2 + 37*j - 21. Let x(y) = -3*y**3 - 41*y**2 + 76*y - 43. Let o(f) = 5*m(f) - 2*x(f). What is o(16)?
-3
Let u be ((-2)/1)/((-5)/5). Suppose 0 = 2*m - 12 + u, -5*m + 17 = -4*j. Let v(p) = -4*p**2 + 0*p - 6*p - p**3 + j - 4*p**2 + 1. Give v(-7).
-4
Let k(m) = m**2 - m + 1. Let h(a) = -a**3 + 5*a**2 - 4. Let i(o) = -h(o) - 2*k(o). Calculate i(7).
16
Let f = 11 - 20. Let d(t) = 4*t**3 - 15*t**2 - t - 6. Let v(g) = 5*g**3 - 16*g**2 + g - 5. Let x(r) = 6*d(r) - 5*v(r). Give x(f).
7
Let s(a) = -3*a - 8. Let w be 3*(-2)/14 + (-18)/7. Let u(k) = -k - 3. Let r(b) = w*s(b) + 8*u(b). What is r(5)?
5
Let b(u) = -u**3 + u**2 + u + 7. Let z be 0/4 - 2/4*0. Suppose -2*c = 5*f, -5*f + c + c = z. What is b(f)?
7
Let o(b) = 9*b + 8 + 4*b + 3*b - 14*b. Suppose 2*h - h = -7. Calculate o(h).
-6
Let i(r) be the first derivative of r**4/24 + 2*r**3/3 - 8*r**2 - 1. Let a(z) be the second derivative of i(z). Give a(0).
4
Let t(v) = -313 + 2*v + 313. Let r be -2*(-1 + 2)/(-2). Give t(r).
2
Let b be (-26)/(-6) - (-2)/3. Suppose b*o - 23 = 4*t, 4*o - o = -3. Let j = t + 12. Let z(r) = -r + 5. Give z(j).
0
Let r(a) = 4 + 0 - 2 - a. Suppose -4*f - 3 = -5*f, 3*l - 5*f - 3 = 0. Suppose 18 = l*p - 9*p. Give r(p).
8
Let b(l) = 8*l + 8. Let f(d) = d + 1. Let p(c) = b(c) - 12*f(c). Give p(-4).
12
Suppose 2*q + 2 = 6. Let a(h) = -2 + 549*h**2 + 0*h + 0*h - 548*h**2. Calculate a(q).
2
Suppose -4*m + 3*m + 4 = 0. Suppose -d + 0*d = y, m*d = 4. Let f(i) = 3 - 3 - 11*i**3. Determine f(y).
11
Let k(x) = 15*x + 3. Let f(l) = -9*l - 1. Let h(v) = 7*f(v) + 4*k(v). Give h(4).
-7
Let q(r) = -r**3 - 37*r**2 - 3*r - 111. Let y be q(-37). Let g(b) be the second derivative of y + 1/2*b**2 + 2/3*b**4 + 0*b**3 - b. Calculate g(1).
9
Let s(j) = -45*j + 5 + 80*j - 37*j. Let k(o) = 2*o - 4. Let i(d) = 2*k(d) + 3*s(d). Calculate i(9).
-11
Suppose 4*a = 9 + 3. Suppose d = 2*j - 4, a*j + 7*d = 2*d + 6. Suppose -4*i - 8 = -j*i. Let z(c) = 3*c + 6. What is z(i)?
-6
Let c(o) be the first derivative of -1/2*o**2 - 20 + o. Calculate c(7).
-6
Let t(s) be the second derivative of -13*s**3/3 + 21*s**2/2 - 3*s. Let z(u) = -5*u + 4. Let j(a) = 2*t(a) - 11*z(a). Let f be ((-4 - -3)*-3)/1. Determine j(f).
7
Let k(s) = -s**3 + 2*s**2 + 2*s + 2. Suppose -u = -m + 1, 10*m - 32 = -4*u + 5*m. Give k(u).
-1
Let d(y) = 26 + y - 26. Let q(b) = b**3 - 4*b**2 + 6*b - 2. Let t(s) = 2*d(s) - q(s). Give t(3).
-1
Suppose -17*w - 3*w = -120. Let i(u) = u**3 + 12*u**2 + 12*u + 13. Let y be i(-11). Let x(p) = -p + y*p + 1 - 9 + 1. Determine x(w).
-1
Suppose -2*z - 23 = -5*h - 43, h + 2*z = -16. Let m(r) = r**3 + 5*r**2 - 3*r + 6. Give m(h).
-12
Let o(g) be the second derivative of g**8/6720 + g**7/840 - g**6/360 - g**5/60 + 5*g**4/4 - 7*g. Let l(b) be the third derivative of o(b). What is l(-3)?
4
Suppose 0 = -4*d + 10 + 2. Suppose -2*g - 1 = -h - 0, 0 = -4*g - 3*h + 23. Let s(x) = 4*x - x**g + 7 - 6 - d. Give s(6).
-14
Suppose 17 = -5*b + 7. Let n be (1 - b) + 4 - 1. Let s(r) = 2 + 170*r - 173*r - 3*r**2 + r**3 - n. What is s(4)?
0
Let m(h) = 3*h**2 + 6*h - 5. Let c(y) = 9*y**2 + 17*y - 14. Let t(x) = -6*c(x) + 17*m(x). Let d be (13/(-91))/(3/(-6)) - 65/(-91). What is t(d)?
-4
Let j(k) = 4*k - 2. Let s(i) = -15*i + 10. Let b(q) = -4*j(q) - s(q). Calculate b(3).
-5
Let i(y) = 7*y - 7. Let w(t) = -t. Let q(d) = i(d) + 6*w(d). Let g be 5 + -1 + 1 + 2. Determine q(g).
0
Let y = 681 - 671. Let j(p) = -p**2 + 9*p + 16. Calculate j(y).
6
Let z(b) = -4*b - 3. Suppose 2*a + 1 = 5. Suppose a*w - 23 = -3. Suppose -6*l - w = -l. Give z(l).
5
Let j(l) = l + 7. Let i(a) = -a**2 - 25*a + 4. Let s(o) = -i(o) - 4*j(o). Give s(-22).
-10
Let a(s) be the first derivative of -1/3*s**3 + 3*s**2 - 32 - s. Let u(z) = z**3 + 3*z**2 - 6*z - 1. Let p be u(-4). Determine a(p).
-8
Suppose -3*h - 2*h = 15. Let s = 4 - h. Let g(i) = 31*i**3 + i - 10. Let t(v) = 10*v**3 - 3. Let y(n) = s*t(n) - 2*g(n). Determine y(-1).
-7
Let u(j) = -j**3 + j**2 + 4*j + 2. Let z(m) = m**3 - 3*m**2 - 8*m - 3. Let k(i) = 5*u(i) + 3*z(i). What is k(-3)?
31
Suppose -3*z + 0*z = 0. Suppose 5*r = -z*r. Let d(k) = k + 1. Give d(r).
1
Let g = -997 + 999. Let s(c) = -3*c**3 - 2*c + 2. What is s(g)?
-26
Suppose -3*l = -5*i - 27, -l + 0*l + 11 = -2*i. Let c(m) = m**3 + 4*m**2 - 11*m + 14. Determine c(i).
8
Let p(j) = -2*j**3 - 23*j**2 - 11*j - 5. Let k be p(-11). Let h(b) = -b**2 - 3*b - 10. Give h(k).
-20
Let v be 3 + (-9)/3*-1. Let b(u) be the third derivative of u**5/40 - 7*u**4/24 - 5*u**3/6 + 2*u**2. Let s(i) be the first derivative of b(i). Calculate s(v).
11
Suppose 35*o = 47*o + 24. Let p(i) = -19*i - 1. What is p(o)?
37
Suppose -7 = -2*r + 2*a + 3, 5*a - 3 = -2*r. Let w = r - 0. Let p(k) = -29797*k + 3*k**3 + 5 - 4*k**3 + 29801*k + 3*k**2. What is p(w)?
5
Let x(g) = -g - 22. Let a be 9/(((-1)/(-3))/((-4)/9)). Calculate x(a).
-10
Let x(h) be the second derivative of 2*h**5/5 + h**4/12 - h**2/2 + 5*h. Let y be (-6)/9*(-39)/26. Determine x(y).
8
Suppose 13 = 3*n - r, -2*r - 1 - 1 = -2*n. Let g(v) = -42*v + 3*v**3 - 42*v + 88*v - 2*v**3 + 3 + n*v**2. Give g(-5).
8
Suppose -x + 21 = -3*w - 0, -w - 29 = -4*x. Let o(l) = -2 - l - 19 + 7*l - 1. Let r(z) = 2*z - 7. Let k(y) = 3*o(y) - 10*r(y). Determine k(x).
-8
Let t(v) = 2*v**2 + 626 - 314 + v**3 - 311. Let q be (-1)/(-4) + (-165)/(-12). Suppose -5*m = 3*i + 30, 5*i + q = 2*m + i. Determine t(m).
-8
Let r(l) = -4*l**3 + 4*l**2 - 2*l - 2. Let o be (-100 - -108) + (0 - 6). Give r(o).
-22
Let d(z) = -z**3 + 6*z**2 - 1. Let j be d(6). Let w(k) = 31*k - 8. Let f be w(3). Let g(t) = 0 + 0 + 86*t - f*t. Calculate g(j).
-1
Let g(r) = 19*r**2 + 76*r + 38. Let f(x) = -x**2 - 2*x - 1. Let w(z) = -38*f(z) - g(z). Determine w(1).
19
Let g(w) = w**3 + w**2 + w - 2. Let q(k) be the second derivative of -12*k - 1/6*k**4 + 0*k**3 + k**2 + 0. Let y be q(1). What is g(y)?
-2
Let u(y) = -5*y + 7. Let t(z) = 4*z + 1. Let o(j) = -2*t(j) - 2*u(j). Calculate o(9).
2
Let x = -9 - -11. Suppose 2*y - 4 = y. Suppose -1 = -x*z + 3*i - 0, i = y*z + 13. Let t(c) = -c**2 - 4*c + 1. Determine t(z).
1
Let i(s) = s**3 - s**2 - 10. Suppose -5*n + c + 2 = -10*n, 4*c = 2*n - 8. Determine i(n).
-10
Let c(p) = 5*p**2 + p. Let g(z) = 24*z**2 + 22*z + 7. Let w(x) = -5*c(x) + g(x). Calculate w(16).
23
Let t(l) = -l**2 + l. Suppose -17*f + 34*f = 9*f. Determine t(f).
0
Suppose 4*s + 0*s + 4*j - 288 = 0, -4*s + 2*j = -306. Let k(n) = -2*n - 77*n**2 + 3*n**3 - 1 + s*n**2 - 4*n**3. Determine k(-1).
0
Suppose -2*i - 5*f + 12 + 4 = 0, 0 = i - 3*f + 14. Let w(h) = -5*h - 11. Let l(n) = n + 2. Let p(u) = i*w(u) - 11*l(u). Calculate p(-3).
3
Let t(x) = -x**2 - x. Let z(r) = -2*r**2 + 4*r - 2. Let u(w) = 3*t(w) - z(w). Let y(h) = -h**3 -